37, 49451
What are the prime factors of 2657?
2657
List the prime factors of 172080.
2, 3, 5, 239
List the prime factors of 18942861.
3, 7, 41, 449
List the prime factors of 48682.
2, 101, 241
What are the prime factors of 456893?
19, 139, 173
What are the prime factors of 795145?
5, 13, 941
What are the prime factors of 3380133?
3, 1126711
List the prime factors of 21918561.
3, 7, 479, 2179
What are the prime factors of 387645?
3, 5, 43, 601
List the prime factors of 71633.
71633
List the prime factors of 140495.
5, 28099
List the prime factors of 16051415.
5, 3210283
What are the prime factors of 2069259?
3, 733, 941
List the prime factors of 81373.
81373
List the prime factors of 2867525.
5, 23, 4987
What are the prime factors of 1369017?
3, 13, 11701
List the prime factors of 2435189.
2435189
List the prime factors of 1291213.
7, 11, 41, 409
What are the prime factors of 20948274?
2, 3, 109, 3559
List the prime factors of 9818074.
2, 7, 701291
What are the prime factors of 2504148?
2, 3, 23, 43, 211
List the prime factors of 482908.
2, 23, 29, 181
What are the prime factors of 572119?
61, 83, 113
List the prime factors of 2257199.
7, 43, 7499
What are the prime factors of 293322?
2, 3, 19, 31, 83
List the prime factors of 29640831.
3, 11, 241, 3727
What are the prime factors of 955023?
3, 449, 709
List the prime factors of 14447.
14447
What are the prime factors of 15052869?
3, 13, 128657
List the prime factors of 778609.
13, 101, 593
What are the prime factors of 184299?
3, 23, 2671
List the prime factors of 143344.
2, 17, 31
What are the prime factors of 10053655?
5, 317, 6343
List the prime factors of 433721.
17, 31, 823
List the prime factors of 3110238.
2, 3, 73, 263
What are the prime factors of 3972354?
2, 3, 662059
List the prime factors of 304847.
304847
List the prime factors of 184163.
7, 26309
List the prime factors of 475977.
3, 29, 5471
What are the prime factors of 5804147?
29, 263, 761
List the prime factors of 241764.
2, 3, 20147
What are the prime factors of 497914?
2, 19, 13103
List the prime factors of 21669.
3, 31, 233
List the prime factors of 1867289.
293, 6373
What are the prime factors of 48719?
11, 43, 103
List the prime factors of 2232168.
2, 3, 17, 5471
List the prime factors of 12310583.
1103, 11161
What are the prime factors of 14085059?
14085059
What are the prime factors of 449459?
449459
List the prime factors of 9279740.
2, 5, 463987
What are the prime factors of 186792?
2, 3, 43, 181
What are the prime factors of 6650336?
2, 7, 11, 2699
List the prime factors of 2254381.
457, 4933
What are the prime factors of 7551?
3, 839
List the prime factors of 203738.
2, 101869
List the prime factors of 4876768.
2, 13, 19, 617
List the prime factors of 357235.
5, 37, 1931
What are the prime factors of 7171108?
2, 7, 193, 1327
List the prime factors of 2562939.
3, 223, 1277
List the prime factors of 1148115.
3, 5, 76541
What are the prime factors of 5113164?
2, 3, 7, 29, 2099
What are the prime factors of 35694884?
2, 109, 81869
List the prime factors of 32254433.
317, 101749
List the prime factors of 22434519.
3, 43, 61, 2851
List the prime factors of 49774.
2, 41, 607
List the prime factors of 9051348.
2, 3, 754279
What are the prime factors of 475475?
5, 7, 11, 13, 19
What are the prime factors of 235435?
5, 47087
List the prime factors of 122191.
71, 1721
List the prime factors of 3281487.
3, 11, 99439
What are the prime factors of 1316209?
1316209
What are the prime factors of 24869952?
2, 3, 43177
List the prime factors of 5976200.
2, 5, 29881
List the prime factors of 498963.
3, 59, 2819
List the prime factors of 18198.
2, 3, 337
List the prime factors of 223257.
3, 74419
What are the prime factors of 3679439?
67, 54917
What are the prime factors of 126975?
3, 5, 1693
What are the prime factors of 3466433?
71, 48823
List the prime factors of 23437370.
2, 5, 11, 213067
List the prime factors of 9770408.
2, 19, 64279
What are the prime factors of 86?
2, 43
List the prime factors of 3705416.
2, 11, 13, 41, 79
What are the prime factors of 4176003?
3, 13, 107077
What are the prime factors of 4954231?
19, 239, 1091
List the prime factors of 1220612.
2, 197, 1549
List the prime factors of 230024.
2, 28753
List the prime factors of 3109182.
2, 3, 59, 8783
What are the prime factors of 395025?
3, 5, 23, 229
List the prime factors of 1952812.
2, 488203
List the prime factors of 10990748.
2, 2747687
What are the prime factors of 469271?
11, 37, 1153
List the prime factors of 2119786.
2, 1059893
What are the prime factors of 219714?
2, 3, 11, 3329
What are the prime factors of 76474?
2, 38237
What are the prime factors of 486921?
3, 101, 1607
List the prime factors of 298361.
7, 6089
List the prime factors of 5784324.
2, 3, 7, 13, 5297
List the prime factors of 138175.
5, 5527
What are the prime factors of 2418526?
2, 11, 47, 2339
What are the prime factors of 4860981?
3, 23, 1021
What are the prime factors of 100485?
3, 5, 7, 11, 29
List the prime factors of 15124540.
2, 5, 756227
List the prime factors of 11778515.
5, 7, 336529
List the prime factors of 688721.
11, 17, 29, 127
What are the prime factors of 460788?
2, 3, 19, 43, 47
What are the prime factors of 41103?
3, 4567
What are the prime factors of 640128?
2, 3, 1667
List the prime factors of 14666307.
3, 139, 35171
What are the prime factors of 355978?
2, 7, 47, 541
List the prime factors of 13790079.
3, 1532231
List the prime factors of 144270.
2, 3, 5, 7, 229
What are the prime factors of 26459645?
5, 5291929
List the prime factors of 491199.
3, 163733
What are the prime factors of 67153?
67153
What are the prime factors of 14711013?
3, 1634557
List the prime factors of 72080.
2, 5, 17, 53
List the prime factors of 1254.
2, 3, 11, 19
What are the prime factors of 2187014?
2, 19, 67, 859
List the prime factors of 7864964.
2, 1966241
List the prime factors of 113981.
7, 19, 857
List the prime factors of 34072340.
2, 5, 43, 39619
List the prime factors of 1177283.
179, 6577
List the prime factors of 931568.
2, 11, 67, 79
What are the prime factors of 10607340?
2, 3, 5, 176789
What are the prime factors of 19246900?
2, 5, 197, 977
List the prime factors of 416043.
3, 19, 811
List the prime factors of 347352.
2, 3, 41, 353
What are the prime factors of 10320791?
13, 821, 967
List the prime factors of 60374.
2, 30187
What are the prime factors of 2518600?
2, 5, 7, 257
List the prime factors of 18968991.
3, 17, 371941
What are the prime factors of 4745109?
3, 229, 6907
List the prime factors of 566219.
17, 19, 1753
List the prime factors of 1333269.
3, 7, 21163
What are the prime factors of 1351311?
3, 13, 34649
List the prime factors of 90674.
2, 45337
What are the prime factors of 1536254?
2, 768127
What are the prime factors of 440956?
2, 23, 4793
List the prime factors of 12018466.
2, 23, 261271
What are the prime factors of 232555?
5, 46511
What are the prime factors of 2081375?
5, 16651
List the prime factors of 3121479.
3, 346831
What are the prime factors of 8782593?
3, 2927531
What are the prime factors of 511165?
5, 102233
What are the prime factors of 1332291?
3, 101, 4397
List the prime factors of 1064695.
5, 31, 6869
List the prime factors of 497163.
3, 165721
What are the prime factors of 36659294?
2, 7, 2618521
What are the prime factors of 202699?
7, 23, 1259
What are the prime factors of 1356087?
3, 19, 37, 643
List the prime factors of 32080457.
32080457
What are the prime factors of 3938201?
1087, 3623
List the prime factors of 1607751.
3, 178639
What are the prime factors of 9253289?
2437, 3797
What are the prime factors of 325852?
2, 81463
What are the prime factors of 2567382?
2, 3, 449, 953
List the prime factors of 605466.
2, 3, 33637
What are the prime factors of 20358088?
2, 2544761
What are the prime factors of 128702?
2, 7, 29, 317
What are the prime factors of 60596?
2, 15149
What are the prime factors of 92741?
11, 8431
List the prime factors of 7115929.
347, 20507
List the prime factors of 169277.
109, 1553
What are the prime factors of 12239650?
2, 5, 61, 4013
List the prime factors of 274088.
2, 34261
What are the prime factors of 245040?
2, 3, 5, 1021
What are the prime factors of 232492?
2, 13, 17, 263
List the prime factors of 